ommon divisor of t and 244?
122
Let l(u) = -2*u**2 + 23*u - 9. Let i be l(13). Let r = -24 - i. Let f be 3/(-6)*(0 + r/(-2)). Calculate the highest common divisor of 78 and f.
6
Let k = -36 + 78. Let t be (0 + (-2)/(-3))/(6/(-9)). Let c be 294/(-1 + t - (3 + -6)). What is the greatest common factor of k and c?
42
Let t = -4461 + 4507. Calculate the greatest common divisor of 1955 and t.
23
Let r = -42 + 50. Let t = -100 - -110. Let o = t - r. Calculate the greatest common factor of 7 and o.
1
Let l(k) = -k**3 + 53*k**2 - 79*k + 492. Let o be l(51). Calculate the highest common divisor of 270 and o.
45
Let u be (-1581)/(-45) - 21/(2520/16). Calculate the highest common factor of u and 115.
5
Let b be 46 - (1 - -2 - 2). Let r = b + 116. Let u = 371 - r. What is the greatest common divisor of 84 and u?
42
Let r(s) = 433*s - 2434. Let m be r(11). Calculate the greatest common divisor of 17 and m.
17
Let h be 1 + (4/6)/((-3)/(-72)). Let b = -21 + 91. Suppose 11 = 4*k - 4*a - 37, -5*k + b = -3*a. What is the highest common factor of h and k?
17
Let b be 0/(-3) + 0 + 87. Suppose 0*k = 5*j + k - 409, j - b = 5*k. Let w = j + 391. What is the highest common divisor of w and 43?
43
Suppose 0 = 4*p - 12, -5*p - 94594 + 9519 = -5*t. What is the highest common divisor of 134 and t?
134
Let c = 1922 + -1545. Let q be -58*(33/(-30) + 6/10). Calculate the highest common factor of c and q.
29
Let o = 24099 + -21635. Calculate the highest common factor of o and 1078.
154
Let h(q) = -43*q - 342. Let y be h(-9). Calculate the highest common factor of 72 and y.
9
Suppose -4*j - 6 = 6, -3*q = j - 6. Suppose -i = -5*u - 26, q*i - 15 = -3*u + 9. Suppose -9*g - 52 = -i*g. What is the highest common divisor of 26 and g?
26
Let h be (0/5 - -2) + -8. Let a be (-64)/(-48) + (-70)/h. Suppose -78 - 26 = -k. Calculate the greatest common divisor of a and k.
13
Let s = -6836 - -6887. What is the greatest common factor of 75 and s?
3
Let r be (2 + 3)/(9*7/252). What is the highest common factor of r and 4760?
20
Suppose 4*b = 5*b + 3. Let r be (3 + -417)/(b/2). Suppose -5*o + r = -4*c + 3*c, -o = -2*c - 57. Calculate the greatest common factor of o and 5.
5
Let o(w) = -2*w**2 + 0*w**2 - 15*w - 2*w**2 + 29*w - 13*w + 4 - 223*w**3. Let z be o(-1). What is the greatest common divisor of z and 370?
74
Suppose 15 = -4*l + 7*l. Suppose -l*r = -v + 151, -v + 5*v + 5*r = 479. What is the greatest common factor of 210 and v?
42
Let h(a) = a**3 + 26*a**2 - 61*a - 113. Let y(w) = 5*w - 18. Let l be y(-2). Let i be h(l). Calculate the highest common factor of i and 81.
27
Suppose -2*y - 394 = -4*k, 2*y + 3*y + 4*k + 1041 = 0. Let m = -177 - y. What is the highest common divisor of 140 and m?
28
Let b = -252 + 251. Let j(i) = -221*i - 11. Let z be j(b). Calculate the greatest common divisor of 42 and z.
42
Suppose 0 = -266*s + 273*s - 2*r - 188, -4*r = 2*s - 72. Calculate the highest common divisor of s and 50.
2
Let j be ((-6785)/230)/(2/(-412)). Calculate the greatest common divisor of j and 59.
59
Let z(k) = -7*k - 144. Let f be z(-14). Suppose 32 = -6*n - 52. Let a be (4 - 120/28) + f/n. What is the greatest common factor of a and 2?
1
Suppose -799*z = 422*z - 3206 + 764. Suppose 5*f = 34 - 4. What is the greatest common divisor of z and f?
2
Suppose -15*a + 2226 = -8*a. Suppose 0 = -16*g - a + 862. What is the greatest common divisor of g and 153?
17
Suppose -2 = 207*i - 208*i. Suppose -i*h - 3*h + 45 = 0. Let u = -55 - -127. Calculate the greatest common divisor of h and u.
9
Let v be ((-4)/24)/((-1)/(-3))*64. Let o = 36 + v. Suppose -o*z = -4*x - 132, -5*z + 3*x + 249 = 80. Calculate the greatest common factor of z and 315.
35
Let h(o) = -27*o + 247. Let y be h(9). Let p(w) = -2*w**3 + 7*w**2 + 9*w - 15. Let t be p(y). What is the greatest common factor of 2 and t?
1
Let x(h) = h**2 + 26*h + 671. Let r be x(-15). Calculate the highest common factor of 92 and r.
46
Let k = -111 - -205. Let s = -61 + k. Let n(q) = 1371*q + 34297. Let w be n(-25). Calculate the greatest common factor of s and w.
11
Let o(b) = 130*b - 132 + 32*b**2 - 279*b + 140*b + b**3. Let x be o(-32). What is the highest common factor of x and 84?
12
Let r be ((-6114)/(-9))/((-98)/(-6) + -16). What is the greatest common divisor of 10 and r?
2
Let i(p) = -p**3 - 25*p**2 - 26*p - 27. Let z be i(-24). Let w be (1 - z/(-3))/((-16)/(-456)). Calculate the greatest common factor of 12 and w.
12
Suppose 0 = 4*g - 180 + 12. Let s = -4007 + 4011. Calculate the greatest common divisor of g and s.
2
Let g be 38/8 - (-3)/12. Let r be (1/(5/5))/(2/(-14)). Let x be (g + r)/((-2)/38) + -1. What is the greatest common factor of x and 74?
37
Let z be 0*(-8)/(-40) - 52. Let a = z - -84. What is the greatest common divisor of a and 992?
32
Let k(d) = 3*d**3 + 37*d**2 - 66*d + 57. Let y be k(-14). Suppose -3*g + 28 = 2*z, -4*g = -3*z - g + 57. Calculate the greatest common factor of y and z.
1
Let u(h) = -20*h + 132. Let l be u(-6). Let t = l + -250. Calculate the highest common factor of 38 and t.
2
Let l(f) = -299*f + 1137. Let m be l(3). What is the greatest common divisor of m and 39?
3
Suppose 0 = -24*u + 22*u - 4, 0 = 2*f + 5*u + 2. Suppose -184 = -f*d - x + 99, -3*d = 4*x - 196. What is the highest common factor of d and 8?
8
Let k(s) = 2*s**2 - 113*s - 444. Let i be k(-4). Calculate the greatest common factor of 540 and i.
20
Let v be 197 + (1 - (-4 - -4)). Suppose k + 28 = 68. Let p = -22 + k. What is the greatest common factor of v and p?
18
Let x be 2982/49 + 3/21. Let v(f) = f**2 + 3*f + 671. Let j be v(0). What is the greatest common divisor of x and j?
61
Suppose 0*l + 26*l = 1404. Let p be (332/(-5))/((-3)/(-15)). Let r = p - -818. What is the greatest common divisor of l and r?
54
Suppose 2*b + 20 = -3*b, 0 = -5*w + b + 69. Calculate the highest common divisor of 2743 and w.
13
Suppose 444 + 118 = 2*l. Let u = -273 + l. Calculate the greatest common factor of u and 4.
4
Suppose 2*w - 2*n - 208 - 1870 = 0, -3*n = w - 1043. Calculate the greatest common factor of 880 and w.
80
Let c(j) = 37*j - 131. Let f be c(6). Calculate the highest common factor of 14 and f.
7
Let i be (610/20)/((-13)/26). Let w(t) = 7*t**3 + 2*t. Let q be w(-2). Let y = q - i. What is the greatest common divisor of y and 6?
1
Let z(v) = -v**2 + 294*v + 295. Let i be z(69). Calculate the highest common divisor of 140 and i.
140
Suppose 0 = 406*t - 385*t - 42. Suppose -m = 5*p - 12, m = -2*m + 4*p + 36. Let v be (-57)/(-9) - 4/m. Calculate the highest common factor of t and v.
2
Suppose -2*u = -2*j + 78 + 38, -5*u = -3*j + 176. Suppose -3*d + 167 = 2*c, -d + 17 + 34 = 3*c. What is the highest common divisor of d and j?
57
Let n = 95 + -51. Let v(w) = 6*w**2 - 42*w - 29. Let g be v(9). Suppose g*t - 110 = 78*t. What is the greatest common factor of n and t?
22
Suppose -64 = -4*i - 0*i. Suppose -3*f = -8*f + s + 79, -4*s = i. Suppose 5*x - 46 = 3*c - 22, -4*x - 5*c = 3. What is the highest common factor of x and f?
3
Suppose -919*w + 3148 = -915*w. Let c = w + -723. What is the highest common factor of 64 and c?
64
Let o be -16 - (-54 - (-15 + 11)). Calculate the highest common factor of 10 and o.
2
Let r = 50969 - 50968. Let w be (3/(-6))/(2/(-44)). What is the greatest common divisor of w and r?
1
Suppose -2*b = 13*b - 750. Let l = -11 + 9. Let w = l + b. What is the greatest common factor of w and 32?
16
Let k be (3 + (-13)/4)*-4. Suppose k = u - 4. Suppose -2*y = 3*l - 27, -u*y - l + 63 = 2*l. Calculate the highest common divisor of y and 12.
12
Suppose 8*l - 5*b + 5 = 3*l, -17 = -3*l - 2*b. Let c = l + 301. What is the highest common divisor of 19 and c?
19
Suppose 79*t - 60*t = -217*t + 236. Suppose u - k - 133 = -4*u, -2*k = -3*u + 77. Calculate the highest common divisor of u and t.
1
Let x(s) = 2*s**3 + 10*s**2 - 17*s - 19. Let v be x(-8). Let i = 303 + v. What is the greatest common factor of 126 and i?
18
Let n(r) = r**2 - 6*r - 2. Let z be n(-1). Let t(j) = -j**3 + 11*j**2 - 6*j + 12. Let s be t(z). Calculate the highest common divisor of 12 and s.
12
Let h(n) = 2*n**2 - n + 57. Let a be h(11). Calculate the greatest common factor of 8448 and a.
96
Suppose 6*j - 9074 = -5672. What is the highest common divisor of 18 and j?
9
Let v = 195 